e
Let m(w) = 25 - 8*w + 3*w**2 + 75*w + 11*w - 2*w. Let c be m(-25). Suppose c = 3*z + 2*z - 4870. Is z composite?
True
Suppose 0*h - h - 3*p + 23 = 0, 0 = 3*h + 5*p - 57. Let q(l) = 3*l**2 - 16*l + 45. Is q(h) prime?
True
Let g be 0 + (-1)/(2/(-6)). Let o(j) be the second derivative of 103*j**3/3 + 8*j**2 - 10778*j. Is o(g) prime?
False
Suppose -2*a = -c + 132129, -102*c + 97*c + 660629 = 6*a. Is c composite?
True
Let k(x) = 3*x**2 + 5*x - 11. Let d be (-1 - -2)/(2/22). Suppose -9 = -4*s + d. Is k(s) composite?
False
Suppose -3*x + 14331 = -2*o + 6*o, -17910 = -5*o - 5*x. Suppose 2*u + 13923 = -5*h + 4950, -2*h - 5*u - o = 0. Let k = h + 3132. Is k a composite number?
True
Suppose 0 = -45*m + 18002297 - 5991302. Is m a prime number?
False
Let o = -81 - -73. Let c(k) = -4 - 31*k + 21 - 29*k. Is c(o) composite?
True
Let k = 2140 + 791. Let x = 4455 - k. Is (1/3)/(4/x) composite?
False
Let z(f) = -4*f**3 + 92*f**2 + 35*f + 128. Is z(21) a prime number?
True
Let s(x) = 1864*x**2 + 21*x - 82. Is s(9) a prime number?
True
Let d(j) = -j**3 - 8*j**2 - 10*j - 29. Suppose 23 = -33*k + 29*k + 5*n, 3*n = -4*k - 63. Is d(k) composite?
True
Let h = 63 + -51. Suppose -5*l + 13 = -h. Suppose l*u + 1002 = 2857. Is u composite?
True
Let i(f) be the first derivative of 7*f**4 + 4*f**3/3 - 11*f**2/2 - 33*f - 1. Is i(10) a prime number?
False
Suppose 5*l + 91 = 306. Suppose 7 - l = -3*g. Is g/102 + 12984/34 prime?
False
Let x(m) = -1121*m - 4407. Is x(-10) prime?
True
Let k be ((-13)/(-39))/((-2)/18). Let r(q) = 52*q**2 + 5. Let c be r(k). Let w = -262 + c. Is w composite?
False
Let f(m) be the second derivative of m**3/2 - 10*m**2 + 23*m. Let y be f(8). Is 804/y*(-1)/((-3)/5) prime?
False
Suppose 8*q - 4*q = 5*c + 430430, 2*c + 107609 = q. Is q prime?
False
Let r = -512 + 507. Let b(i) = -11*i**3 + 9*i**2 + 7*i - 6. Is b(r) composite?
False
Let a(x) be the first derivative of -77*x**6/40 - x**4/24 + 7*x**3/6 - 7*x**2/2 + 30. Let r(y) be the second derivative of a(y). Is r(-3) prime?
True
Let w(a) = a**3 + 5*a**2 - 8*a - 12. Let m be w(-6). Suppose 2*f + 13*f + 30 = m. Is 2936 - (3/4)/(f/8) prime?
True
Suppose -25128 = -8*i - i. Suppose 0 = 4*g + 3*s - i, 2*g - 3*g = 2*s - 693. Is g a composite number?
False
Let p(b) be the third derivative of -13*b**6/60 + b**5/60 - b**4/6 + b**3/6 + b**2. Let u be p(-3). Let g = 1059 - u. Is g prime?
False
Let z(r) = 32*r**2 + 8*r + 14. Let b be z(-9). Suppose -5*w + b = -1391. Is w prime?
False
Let v(l) = 44*l + 74*l - l - 9*l + 32*l + 37. Is v(27) a prime number?
False
Suppose -411708 = -3*i + 3*n, 5*i - 3*n = 218611 + 467575. Is i a prime number?
True
Suppose 0 = -6*a + 2*a + 28. Let s be 1/a - (-13)/7. Suppose s*l - 1921 = -l - 5*x, -l - 2*x = -639. Is l a composite number?
False
Suppose 5*r + 3*g - 57859 = 0, 78*r - g - 46294 = 74*r. Is r a composite number?
True
Suppose 0 = 4*t + 46336 - 12680. Is (-62)/155 + t/(-10) composite?
True
Let w(x) = 4*x**2 + 6*x + 49. Let g be w(26). Suppose g + 6858 = v. Is v a composite number?
False
Let m(v) = 4*v - 4. Let p be m(5). Suppose -a + 9*a = p. Suppose -a*h + 5*k + 391 = -50, 5*h - 2*k = 1071. Is h a composite number?
True
Let y(b) = 8*b**2 - 11*b - 10. Let z be y(-1). Suppose -z*m = -63451 - 56312. Is m composite?
True
Suppose 0 = -x + 3*l + 62842, 2*x - 37438 = -2*l + 88270. Is x a composite number?
False
Let u = 9489 - 17038. Let c = 13481 + u. Suppose 5*t = c + 4273. Is t prime?
False
Let j(y) = 111*y**2 - 30*y + 6. Let c(m) = -m**2 - m + 2. Let l(x) = -2*c(x) + j(x). Is l(9) composite?
True
Suppose 4*o + 2*p = -43 - 43, -5*o - 5*p = 120. Let n(x) = x**3 + 19*x**2 - 14*x - 151. Is n(o) a composite number?
True
Let m(b) = 4*b**3 + 6*b**2 - 9*b - 16. Let z be m(-4). Let p = -115 - z. Is (217005/p)/3 + (-4)/10 composite?
True
Suppose 232155 = 5*v + 4*a - 114259, 4*a = 4. Suppose 0 = -3*i + x + v, i + 2*x - 23105 = 6*x. Is i a composite number?
True
Is 10 - (35872362/(-99) + (-6)/(-66)) composite?
False
Suppose 0 = -4*l - 79*l + 1377385. Is l a composite number?
True
Let c(u) = -10307*u**3 - u**2 - 2*u - 2. Let b be c(-1). Suppose -b = -2*j - 3*z, -4*j + z = -3*z - 20572. Is j prime?
True
Is (-1195)/239*(0 + -22391) a composite number?
True
Suppose 4*h - 5 = -17. Let x(u) = -25*u**2 - 4*u + 7. Let b be x(h). Let c = 351 + b. Is c prime?
False
Let i = 61346 + -28506. Suppose -11839 + i = 2*w + 3*r, -52490 = -5*w + 5*r. Is w prime?
True
Let h(d) = -12*d**3 - 6*d**2 + 7*d - 13. Let p(a) = 25*a**3 + 12*a**2 - 15*a + 26. Let r(k) = 9*h(k) + 4*p(k). Is r(-6) a composite number?
False
Let a(n) = 281*n**2 - 2*n + 12. Let s be a(8). Suppose -8*k = -3*k - s. Suppose -d - 4*d - 3575 = -2*l, k = 2*l + 2*d. Is l a prime number?
False
Let l(q) be the first derivative of 5*q**4/2 - 14*q**3/3 + 12*q**2 + 27*q - 32. Is l(14) composite?
True
Let z(b) = 2452*b**3 + 8*b**2 + 17*b - 40. Is z(3) a prime number?
False
Let j(m) = -218*m + 3. Suppose 1259 = -3*q + 1256. Is j(q) composite?
True
Suppose 7 = 3*r - 2. Suppose 6*x = r*x - 2*x. Suppose 27*b - 9*b - 3798 = x. Is b prime?
True
Let v(n) = 7*n**3 - n**2 - 3*n + 3. Let i be v(1). Let y(l) = 1817*l - 103. Is y(i) a composite number?
False
Let h = 33024 + -13881. Suppose -2*k - 1861 = -3*m - h, 5*k + 4*m = 43205. Is k prime?
True
Let t be (0 + -1)*(339 + 6). Let s = 1020 + t. Let a = s + -344. Is a prime?
True
Suppose -14611 = 3*k - 5*m, -4*m + 0*m - 9748 = 2*k. Let x = k - -17814. Is ((-28)/6)/(4*(-3)/x) a prime number?
False
Let p = 7 - 3. Let d = 9460 + -5032. Suppose p*h + d = 10976. Is h prime?
True
Suppose 0 = -28*q - 73*q + 10237431 + 5670170. Is q a prime number?
False
Suppose 24*m - 29*m = 3*n - 1747537, -5*n = -6*m - 2912533. Is n prime?
True
Let j(y) = -3*y**3 - 4*y**2 + 2*y - 14. Let f be j(-6). Let q(b) = 24*b - 23. Let a be q(-8). Let x = f + a. Is x a prime number?
True
Let p = -183 + 185. Is ((-180)/(-150))/(p/25735) composite?
True
Let r = 3941 + -1426. Suppose -4*a = -2*p - a + r, p - 3*a = 1256. Is p prime?
True
Is (66966790/(-770))/(((-2)/7)/2) a prime number?
True
Suppose 178*g = -112*g - 26*g + 9281236. Is g a composite number?
True
Let q(o) = -27*o**3 - 9*o**2 - 12*o + 7. Suppose s + 44 = -10*s. Is q(s) prime?
False
Suppose 0 = 3*h - 13 - 8. Suppose -4*y = 3*j - 0*j + h, -2*y + 2*j + 14 = 0. Suppose 0 = -y*d + 246 + 512. Is d composite?
False
Is 200044 - (-1 - (15/(-20))/((-1)/8)) a composite number?
True
Suppose 22*r + 2 = -526. Let w(v) = -64*v + 199. Is w(r) a prime number?
False
Let d = -412 - -272. Is (-216605)/(-9) + d/630 prime?
False
Let y(f) = 9*f + 59. Let p be y(-7). Let z(v) = -188*v + 29. Is z(p) a prime number?
False
Suppose 3*v = -7*v + 350. Suppose 5*z - 3*a = -v, z - a + 0*a + 9 = 0. Is 2*1/(z/(-1354)) composite?
False
Suppose 0 = 9*z - 54465 - 297020 + 29924. Is z a prime number?
True
Let d be (-24008)/(-18) + -5 - 6/(-27). Let k = 1960 - d. Is k composite?
False
Let t = -422606 - -701745. Is t a composite number?
True
Let d = 133 + -128. Suppose -3*z + 0*p + d*p = -38694, 0 = 5*p + 15. Is z a prime number?
True
Let l = 177912 - -63257. Is l composite?
False
Suppose 3*f = 15, -5*f + 27030 = 16*x - 21*x. Let n = x + 8708. Is n prime?
True
Suppose 421 + 1119 = 4*s. Suppose 0 = 3*u + 4*y - 5049, 3*y - s = -u + 1303. Is u composite?
True
Suppose 14*f - 51571 = 2*f - f. Is f a prime number?
True
Suppose -2*p + 562933 = 218375. Is p a composite number?
False
Let a = -255 + 309. Is 2/(a/120993) + (-4)/18 a prime number?
True
Let w be 5420/6 - (-24)/36. Suppose w = 6*o - 3260. Is o prime?
False
Suppose -5979334 = -108*z + 4595004 - 233662. Is z prime?
True
Let y = 1151097 - 765966. Is y prime?
False
Let c(q) = -33464*q + 201. Is c(-5) a prime number?
True
Is 40/(-35) - 9/((-63)/7193761) a prime number?
True
Let b = 479 + -475. Suppose 5*m - 117920 = -4*w + 39821, b*m - w = 126197. Is m composite?
True
Suppose -3*j + 19235 = -53*s + 49*s, 12828 = 2*j + 2*s. Let h be (0 - -2 - 0) + 8. Suppose -j = -d - h*d. Is d prime?
False
Suppose -5*f + 40 = -5*j, 3*j - 52 = -5*f + 2*j. Let o be 10*(2/10)/((-4)/f). Is 2/o - (-1071)/15 composite?
False
Suppose -q = -25*x + 30*x - 11, 2*x - 2 = 0. Let l(g) = 19*g + 28. Let w(n) = 37*n + 55. Let v(i) = -5*l(i) + 3*w(i). Is v(q) a composite number?
True
Suppose -2*o = -12*o - 20. Let